5*w = 3*r - 1141, 9*r - 14*r + 1155 = 5*w. Calculate the greatest common divisor of w and 6216.
56
Let p(s) = 1458*s**2 + 62*s + 111. Let k be p(-3). Calculate the greatest common factor of k and 3.
3
Let m(y) = -y**3 - 2*y**2 + 3*y. Let c(q) = q + 10. Let w be c(-15). Let n be m(w). What is the greatest common factor of 20 and n?
20
Let z(m) = 6*m**3 - 89*m**2 + 183*m - 2910. Let g be z(15). Let d(s) = s**2 + 1500. Let r be d(0). Calculate the highest common divisor of g and r.
60
Let o(t) = -t + 1. Let z be o(-5). Suppose 3*h - 3*a - 582 = 0, 500*a - 758 = -4*h + 495*a. What is the highest common divisor of h and z?
6
Let k be 135/(-30)*(-22)/(-99) - (2 - 9402). Calculate the greatest common divisor of 964 and k.
241
Let y(m) = 9 - 3*m**2 + 9 + 10 - 43 + 27*m. Let s be y(8). What is the highest common divisor of s and 9?
9
Let d = -228 + 219. Let m be (((-6480)/(-25))/d)/((-6)/40). What is the greatest common divisor of 128 and m?
64
Let v(o) = 4*o + 13. Let s be v(10). Let f = 253 + -236. Suppose s - f = p. What is the highest common divisor of p and 12?
12
Let j be (-653179)/(-8152) - (-2)/(-16)*1. What is the highest common divisor of j and 72?
8
Suppose 5*l - 20 = 0, y - 5*y + 2*l = 48. Let b(u) = 8*u - 20. Let s be b(y). Let f be 4/(-6) - s/15. Calculate the highest common divisor of 78 and f.
6
Suppose -27*t + 2520 = 43*t. What is the highest common divisor of t and 8100?
36
Let y(d) = -d**3 + 33*d**2 + 46*d - 381. Let a be y(34). Suppose -3*z + 1075 = 346. Calculate the highest common divisor of a and z.
27
Let x(g) = 6*g + 66. Let d be x(-10). Let n(h) = 3*h**2 - 15*h - 9. Let p be n(d). What is the highest common factor of p and 12?
3
Let s be (5 - (-41)/(-5))/(6/285). Let x = 185 + s. Let p(w) = -w**3 + 4*w**2 + 2*w + 3. Let g be p(4). What is the greatest common divisor of g and x?
11
Let r be 3 + ((-3030)/(-5))/3. Let d(j) = 2*j + 68. Let x be d(7). Calculate the highest common divisor of x and r.
41
Suppose -38*a = -33*a - t - 375, t = -5*a + 385. What is the greatest common factor of a and 3173?
19
Let o(u) = 14*u**2 + 2*u + 173. Let n be o(9). Calculate the greatest common divisor of 100 and n.
25
Let i be -4*(9 + -2 + 1). Let y be i/12*-3 - -1. Suppose -4*u = -u - 27. Calculate the highest common divisor of u and y.
9
Let p(k) = 2*k**3 + 14*k**2 - 22*k - 35. Let z = 235 - 243. Let u be p(z). What is the greatest common divisor of 299 and u?
13
Suppose 203 + 140 = y. Calculate the highest common factor of y and 735.
49
Let k(a) = 2*a**2 - 12*a - 10. Let s be k(7). Let g = 284 - 270. What is the greatest common factor of g and s?
2
Suppose 0 = 28*f + 4428 - 1012. Let y = f + 347. Calculate the greatest common factor of y and 9.
9
Suppose 7*c - 675 = -12*c + 14*c. What is the greatest common divisor of c and 615?
15
Let p be (1*8/6)/(19 - (-660)/(-36)). Calculate the greatest common factor of 284 and p.
2
Suppose -81 = 5*o - 4*r - 253, 9*o + 3*r - 330 = 0. Suppose 5*g - 2 = g - 3*f, -3*g = 2*f - 2. What is the highest common divisor of o and g?
2
Let g be 1/(-1) - (12 - 8). Let k(f) = -f**3 + 8*f**2 + 13*f - 22. Let u be k(g). What is the highest common divisor of 14 and u?
14
Let h be 2*51708*9/27. Calculate the greatest common divisor of 248 and h.
248
Suppose 2017 = 6*o - 1343. Suppose -50 = 15*q - o. Calculate the greatest common factor of 34 and q.
34
Suppose 6*s + k = 21476, -4*k = -s - 5*k + 3576. Calculate the greatest common factor of 40 and s.
20
Suppose 0 = n + 4*u - 27, 4*n + 7*u - 123 = 6*u. Suppose 4*b - 56 = k, -36*b - k = -n*b - 79. What is the highest common divisor of b and 465?
15
Suppose -1311 = 662*p - 685*p. Suppose 2*m - 7*r + 2*r - 466 = 0, 0 = m + 2*r - 224. Calculate the highest common divisor of p and m.
57
Let i be ((-4)/(-3))/(-4)*-117. Let v(x) = 3*x**2 - 38*x - 121. Let c be v(16). Calculate the highest common divisor of c and i.
39
Suppose 48 = 4*i - 4*o, -5*i - o - 2*o = -92. Let l be (2 + 0)/(-4) + (-40)/i. Let w be 82 + (-3 - (9/3)/l). Calculate the greatest common divisor of 20 and w.
20
Let r(h) = 2*h + 83. Let g be r(-14). Let q be (9 - 16) + -2 + g. Calculate the highest common factor of 299 and q.
23
Let s = -3613 + 3910. Calculate the greatest common divisor of s and 3663.
99
Let c(m) = 2*m**2 - 37*m - 320. Let y be c(-7). What is the greatest common divisor of y and 6179?
37
Suppose 26 - 99 = -73*h. Let n(q) = -6*q - 3. Let r be n(-2). Let d be (r + 4)/(-1 + 3 - h). What is the highest common factor of d and 52?
13
Let z = -590 + 588. Let q be 4/(-2) - (3 - 6). Let v be (49 - (q - 3))*z/(-3). Calculate the greatest common factor of v and 51.
17
Suppose 4*l - d = 22 + 9, 7 = l - d. Let q be -1 - -1 - (-38 + l). Let w(b) = 78*b - 642. Let u be w(9). Calculate the greatest common divisor of q and u.
30
Let r = -723 - -726. Suppose 63*h + 6 = 65*h, 0 = -r*y - 2*h + 33. Calculate the highest common divisor of y and 81.
9
Suppose -2*q - 70 = -7*q. Suppose -q*l - 105 = -21*l. Calculate the highest common factor of 90 and l.
15
Suppose a - 258 = -3*k, -a + 5*k - 164 = -414. What is the greatest common divisor of 77010 and a?
255
Let j(d) = -3*d**3 - 4*d**2 + 11*d - 9. Let y be 112/(-18) - (-1 + 35/45). Let w be j(y). Let q = 889 - w. Calculate the greatest common factor of q and 46.
46
Let p = 5 + 9. Suppose 3*a = -4*n + p, 2*n + 4 + 0 = 4*a. Suppose -2*i - a*i + 326 = -3*r, 3*i = -3*r + 234. Calculate the highest common divisor of i and 10.
10
Suppose 0 = -0*d + 6*d - 4*d. Suppose d = -2*y - 3*o + 202, 2*o + 388 = y + 3*y. Suppose 0 = 5*n + 2*n - y. What is the greatest common factor of n and 4?
2
Suppose 5*j - 5087 = -3*k, 0*j = -3*j - k + 3049. Calculate the greatest common factor of 105 and j.
35
Let q(j) be the third derivative of 7*j**5/6 - j**4/6 - j**3/3 + j**2 + 5. Let f be q(-1). Calculate the highest common factor of f and 18.
18
Let y(u) = -19*u + 86. Let a be y(6). Let z = a + 36. Calculate the greatest common divisor of z and 6.
2
Let n(g) = -4*g**3 - 4*g**2 - 6*g - 6. Let o be n(-4). Let l = 5973 - 5931. Calculate the highest common divisor of o and l.
42
Let t(b) = -b**2 - 5*b + 3. Let k be t(-5). Suppose -g = -q + 256, k + 5 = -2*g. Suppose 235*w + 2753 = 11213. Calculate the greatest common divisor of w and q.
36
Let p = 255 - 248. Let v be 60 + 1 - (4 + -1). Let c = 5 + v. Calculate the highest common divisor of c and p.
7
Suppose 304 = 6*n - 2*n. Suppose -6*v + n = -2*v. Let g(u) = u**2 - 19*u + 11. Let c be g(v). What is the highest common factor of 44 and c?
11
Let y(b) = -b - 6. Let n be y(-6). Suppose 3*k - 191 - 445 = n. Let j = 41 + k. What is the greatest common factor of 23 and j?
23
Let p = -33 - -54. Let a(s) = 195*s - 744. Let q be a(5). What is the highest common factor of q and p?
21
Let k be 3 + 2/(-6)*-3. Suppose 17 = k*v - 11. Let u(i) = -i**3 + 25*i**2 - 83*i + 872. Let t be u(23). Calculate the highest common divisor of v and t.
7
Suppose 11845 = 63*o + 4474. Let n be (3 + 2 + -3)/1. Let s be n - 3/((-6)/74). Calculate the highest common divisor of o and s.
39
Let r = -103 + 115. Suppose 0 = -2*b - 0 + 2, 0 = 5*o + b - 1381. What is the greatest common divisor of r and o?
12
Let l be (4 - 2)/(-4) + 61565/(-14). Let c be 3/(3*-6) + l/(-36). Calculate the greatest common divisor of 2 and c.
2
Suppose -5*t + 65 = -l - 69, -l = -2*t + 59. Let p be ((-4)/(-6))/((-2)/114). Let q = -13 - p. What is the greatest common factor of t and q?
25
Let f be (-4 - 2 - -48) + 2. Suppose f*d - 50*d = -36. Calculate the highest common divisor of d and 48.
6
Suppose 0 = s - 5*r + 7, 2*s = -3*r - 17 + 68. What is the highest common factor of 5526 and s?
18
Let s(p) = p**3 + 6*p**2 - 8*p + 12. Let h be s(-8). Let o = 104 + h. Let r = -3 + 16. What is the greatest common divisor of r and o?
13
Let p = 85 - 91. Let x be (-2 + (-27)/p)*(-36)/(-5). Suppose -12 + 174 = 6*y. Calculate the greatest common divisor of y and x.
9
Let x = -12 + 14. Suppose 3*n + 3*u + 201 = 0, 3*u + x*u = -n - 83. Let q = n + 73. What is the highest common divisor of q and 40?
10
Suppose -2*t - t + 5*s + 6 = 0, 3*t + 6 = s. Let p be t - -2 - (-40 + 2). Suppose -z + p = x + 4, x + 31 = z. What is the greatest common divisor of 128 and z?
32
Suppose -5*p - d + 14 = 0, 0*d + 4*d = -3*p + 5. Let t(m) = 8*m*